and 13.
13
Suppose -38 = 6*t - 8*t. Let h be (28/(-3))/((-64)/288). Suppose -3*a - 2*y + 47 = 0, a - 3*y = 4*a - h. Calculate the highest common factor of a and t.
19
Let s be (-1)/((-2)/(12/(-7)))*-3367. Suppose 12*g = s + 678. Let a(t) = 3*t**2 - t + 3. Let c be a(-3). What is the greatest common factor of g and c?
33
Suppose u = -4*y + 35, 0 = 5*y - 4*u - 170 + 79. Calculate the highest common factor of y and 18623.
11
Let g be 94*(12 - (-225)/(-18)). Suppose 5*z + 3*d = 442, 0*z + d = -2*z + 176. Let l = g + z. Calculate the greatest common divisor of l and 13.
13
Let o be (2 - 46/8)*-4. Let w(s) = 3*s**2 + 153*s + 1122. Let t be w(-8). Calculate the highest common divisor of t and o.
15
Let o be ((-999)/54)/(11/(-3278)). Calculate the greatest common divisor of 149 and o.
149
Let c(x) = x**2 - 12*x - 35. Let u be c(15). Suppose -3*q - 37 = -3*s - 1, -25 = -5*s - 2*q. Suppose r = u + s. What is the highest common divisor of r and 85?
17
Let w(h) = -h**2 - 24*h - 38. Let v be w(-21). Suppose 3*u - 82 + v = 0. Calculate the greatest common factor of 38 and u.
19
Let p = 298 + 728. What is the greatest common divisor of 36 and p?
18
Let c = -5217 - -5357. Calculate the highest common divisor of 154 and c.
14
Suppose -3*x - 2*n + 8 = -102, 0 = 2*x + 4*n - 68. Let b = 295 + -124. Calculate the greatest common factor of x and b.
19
Suppose -820 = -2*o - 8. Let a(n) = -n**2 + 27*n + 7. Let c be a(27). What is the greatest common divisor of o and c?
7
Suppose 111*t + 123 - 234 = 0. What is the greatest common factor of t and 409?
1
Let w = -22 - -34. Let b be 60/27 + (w/27)/(-2). Suppose 0 = g - b*k - 23, -19 = -g - 2*g - 4*k. What is the highest common divisor of 13 and g?
13
Let f(w) = w**2 - 13*w + 120. Let o be f(10). What is the highest common factor of 15255 and o?
45
Let t be (-122)/(-14) - (5 - (-222)/(-42)). Let o be 201/t + (-30)/(-45). What is the greatest common factor of o and 23?
23
Suppose 28*q = 9105 - 1573. Let g = q - 263. What is the greatest common divisor of g and 26?
2
Let v(u) = -4*u**3 - 80*u**2 - 31*u - 129. Let p be v(-24). Calculate the greatest common divisor of p and 87.
87
Suppose -5*s - 5*p = -660, -3*p + 8 = -p. Let f = s - 78. Calculate the greatest common factor of f and 125.
25
Let h(k) = -k**3 + 5*k**2 + 20*k + 20. Let x be h(7). Calculate the greatest common factor of 3968 and x.
62
Let x be -3 + (3 - 12/3). Let r be -1*(x/(-2) - 20). Suppose -5*z + 37 = -r. What is the highest common divisor of 11 and z?
11
Let q be (212/(-10) - -4)/(6/(-60)). Let b = 290 - q. What is the highest common divisor of b and 177?
59
Let h = -1533 + 2097. Calculate the greatest common factor of 611 and h.
47
Suppose -5*p + 4 = -1, 4*x + 5*p - 341 = 0. Suppose -218 = 29*m - 5090. Calculate the greatest common divisor of m and x.
84
Let v be -3 + 41 - ((-4 - -2) + 3). Let d be 5/((-25)/(-5)) + v. What is the highest common divisor of 266 and d?
38
Suppose -485 = -3*r - 5*m, -8*r + 860 = -3*r - 2*m. Let t = -2271 - -1331. Let h = t + 1008. Calculate the highest common factor of r and h.
34
Suppose 52 = k - g, -20*g = -22*g + 32. Suppose -5*y = -76 - 1879. What is the highest common divisor of y and k?
17
Suppose -5*c - 5*p = -2*p - 34, -3*p = -2*c + 22. Let r be (16/c)/(1/14). Calculate the highest common divisor of 98 and r.
14
Let v(u) = -169*u + 20. Let x be v(-12). Suppose -5*y + 21*y - x = 0. Let k be ((-6)/(-4))/(12/y). Calculate the highest common factor of k and 24.
8
Let u(g) = 27*g**2 - 9*g + 22. Let n be u(-3). Calculate the highest common divisor of 8 and n.
4
Suppose -5*l + 2213 = -4*a, 0 = -6*l + 9*l - a - 1332. Calculate the highest common factor of l and 15.
5
Let h = -14898 - -26266. Calculate the highest common divisor of 56 and h.
56
Let c(x) = 8*x**2 + 16*x + 52. Let j be c(10). Suppose -552 = -134*t + 128*t. Calculate the greatest common divisor of t and j.
92
Let w = 18330 - 15712. What is the greatest common divisor of 176 and w?
22
Let n be 160/24*18/(-4). Let h = n + 85. Calculate the greatest common factor of 25 and h.
5
Suppose -29*j - 111*j + 507678 = 51*j. What is the highest common divisor of 6 and j?
6
Suppose -37 = 4*j + 5*a + 28, 4*a + 19 = -j. Let c be 6/j + 28/(-5). Let q be 3/c*2 + 44 - 3. What is the highest common divisor of q and 100?
20
Suppose 10*p = p + 261. Let q = 589 - 386. Calculate the highest common factor of p and q.
29
Let p(c) = c**3 + 25*c**2 - 27*c + 602. Let o be p(-26). Calculate the highest common divisor of 1 and o.
1
Let q = 308 + -285. Suppose -q*b + 110 = 18. Calculate the highest common divisor of b and 76.
4
Let t = -4240 - -4256. Calculate the highest common divisor of t and 3880.
8
Let x = -103 - -223. Let i(b) = 6*b**2 + 82*b + 2. Let w be i(-14). Calculate the highest common divisor of w and x.
30
Let d be 9/27 - 21051/(-27). What is the greatest common divisor of 468 and d?
156
Suppose 0 = -184*a + 6475 + 8981. Let h(q) = q**3 - 4*q**2 + 4*q + 3. Let u be h(5). What is the greatest common factor of u and a?
12
Suppose -28*l - 232 = -32*l. Let b(f) = 29*f. Let d be b(2). What is the greatest common factor of d and l?
58
Let w = -214 + 305. Let i(p) = -2403*p - 38396. Let g be i(-16). What is the highest common divisor of w and g?
13
Suppose 3*t + 3 = 0, 2*t + 123 = -2*d - 111. Let s = 44 + d. Let z be s/6*2/(-4). What is the greatest common factor of z and 21?
3
Let x(f) = -3*f + 25 - f**3 + 0*f**3 + 2*f**3 - 2*f**2 - 7*f**2. Let h be x(10). Calculate the greatest common divisor of h and 5.
5
Let k = 25 + 23. Let y(q) = -2996*q + 8994. Let r be y(3). Calculate the highest common divisor of k and r.
6
Let t(n) = -4*n + 9. Let j(f) = -4*f + 8. Let q(s) = -3*j(s) + 4*t(s). Let g be q(-14). Calculate the greatest common divisor of 17 and g.
17
Let d = 4425 - 3319. What is the highest common divisor of d and 28?
14
Suppose -5*l - 3*p = -86063, -31069 = -2*l - 5*p + 3360. What is the greatest common factor of l and 52?
52
Let s(i) = 7*i**2 + 5*i - 45. Let w be (-2 + -3)*(1 + 0). Let m be s(w). What is the greatest common factor of 21 and m?
21
Let m(n) = -10*n - 88. Let v be m(-9). Let t be ((-25)/75)/(v/(-702)). Calculate the highest common factor of 9 and t.
9
Suppose -3*i - 4*u + 33 = 0, 3*i - 3*u - 29 = 25. Suppose 5*t - 28 = -628. Let w be (t/9)/(19/(-342)). Calculate the highest common factor of i and w.
15
Let h be -10 + 32/3*(37 - 34). Calculate the highest common divisor of 7909 and h.
11
Suppose 64*j + 11457 = 83*j. Suppose 598*t + 775 = j*t. What is the highest common factor of 124 and t?
31
Let q(j) = -182*j**3 + 4*j**2 + 11*j + 6. Let y be q(-1). Calculate the greatest common divisor of 3801 and y.
181
Let k = -22 + 37. Let r be (-1 - -1063)/(4*3/(-6)). Let l = r - -551. What is the highest common factor of l and k?
5
Let n be (12/(-9))/(78709/11253 + 7*-1). Calculate the greatest common divisor of n and 33.
11
Let f = -449 + 440. Let g = 193 - 289. Let k be (g/4)/(f/78). What is the greatest common factor of 26 and k?
26
Let b = -3416 - -3452. Let a = 260 - 164. What is the highest common factor of b and a?
12
Let q(l) = 47*l + 138. Let d be q(-1). Suppose -2*x + 10 + 4 = 0. Calculate the greatest common divisor of x and d.
7
Let b(u) = u**2 + u + 7. Let f be b(0). Let l(n) = 9*n**2 - 12 + 38 - 6*n - 3*n - n**3 - 13. Let o be l(f). What is the greatest common factor of 32 and o?
16
Let o = -8214 - -8641. Suppose 3*t + 2*l = 0, -3*t + l + 7 = -t. Suppose -183 = -u - t*u. Calculate the greatest common divisor of o and u.
61
Let z = 100 + 4890. Calculate the highest common divisor of 10 and z.
10
Suppose -39*n + 24*n + 66*n - 1632 = 0. Calculate the greatest common factor of 980 and n.
4
Let o(u) be the third derivative of -u**4/4 + 25*u**3/2 + 6*u**2. Let w be o(18). Let p = w - -65. Calculate the highest common factor of 40 and p.
8
Let s(t) = -2*t**3 - 12*t**2 + t + 7. Let w be s(-6). Let j be 22/(-11)*-40*w + 4. What is the greatest common factor of j and 189?
21
Suppose 69*w = 77*w - 448. Suppose -w*y + 592 = -60*y. Let s = y + 159. Calculate the highest common factor of s and 176.
11
Suppose -j - 22 = -3*j + 4*n, -2*n = 4*j - 24. Suppose -439*f + 922*f = 20092 + 44147. What is the highest common divisor of j and f?
7
Suppose 4*p + 2*p - 12 = 0. Let q be 4